 + 8. Suppose -n - 2*p = -22, n + 124 = 6*n + 3*p. Suppose o - n = -33. Give b(o).
-13
Let y(h) = -21*h**2 + 336*h - 14. Let m be y(16). Let t(a) = -a - 32. Calculate t(m).
-18
Let k = 2402 + -2397. Let l(h) = -9*h + 34. Give l(k).
-11
Let j(m) = -m**3 + 9*m**2 - 13*m - 1. Suppose 63 - 183 = -30*h. Suppose h*z = 3*b + 31, -24 = -3*z - 3*b + 6*b. Determine j(z).
6
Let y(c) = -39*c**2 + 5*c + 27. Let m(o) = -34*o**2 + 6*o + 26. Let w(p) = -8*m(p) + 7*y(p). Determine w(-5).
21
Let o = 196 - 189. Let m(p) = 19 - o*p - 16 + p**2 - 12. Calculate m(9).
9
Let x be (0 - 0) + (-11 - -3). Let p(f) be the third derivative of f**4/8 + f**3/6 - f**2 - 13*f. Determine p(x).
-23
Let m(z) = -z**2 + 8*z. Let y(o) = 2*o**3 - 9*o**2 + 14*o + 4. Let j(f) = -2*m(f) + y(f). What is j(3)?
-11
Let o(s) be the second derivative of -s**4/4 - 32*s**3/3 - 37*s**2/2 + 314*s - 14. What is o(-21)?
-16
Let j(d) = -d**2 + 7*d - 5. Let m(v) = -v**3 - 8*v**2 - 7*v + 7. Let i(n) = -4*n - 14. Let b be i(-6). Let h = 3 - b. Let t be m(h). What is j(t)?
-5
Let v = 1475 + -1031. Let z(w) = w - 2*w**2 + w**2 - 447 + 893 - v. Calculate z(-1).
0
Let i(h) be the first derivative of h**4/4 + 8*h**3/3 + 4*h**2 + 7*h - 24025. Let z(t) = -6*t**3 - 2*t**2 + 1. Let l be z(1). Determine i(l).
0
Let f(k) be the second derivative of -k**4/12 - k**3 - k**2 - k. Suppose 54*d + 52 = -156 - 247 + 77. Determine f(d).
-9
Let j(a) = -a - 6. Suppose 155*w = 157*w - 10. Suppose 7*b - w*b = 3*n - 20, -5*b - 5*n = 0. Calculate j(b).
-2
Let q(s) = 26*s**2 + 44*s - 388. Let x(o) = 5*o**2 + 9*o - 73. Let p(h) = 4*q(h) - 21*x(h). What is p(-13)?
-19
Let w(j) be the third derivative of -j**5/60 - 5*j**4/24 - j**3/6 - 275*j**2. Suppose -3*o - 2*z - 13 = 0, -o - 11 = 2*o + 4*z. Give w(o).
-1
Let t(p) be the third derivative of -p**6/120 + p**5/15 + p**4/2 - p**3 - 6*p**2. Let m = -17926 + 17932. Calculate t(m).
-6
Suppose -5 = o - 2*o. Let q(g) be the third derivative of g**5/30 - g**4/6 + 7*g**3/2 - 30*g**2. Let t(n) be the first derivative of q(n). Determine t(o).
16
Let r(d) = 15 - 1 - 9*d + 5*d. Let n(x) = -36*x + 76. Let q be n(2). What is r(q)?
-2
Let b be 5*(42/10 - 5). Let u be (12/(-14))/((-9)/42). Let t(a) = a + 4 + 8 - 12 + u. Calculate t(b).
0
Let c(s) = -3*s - 4. Let f be (-54)/(-8)*(10 + (-3 - 3)). Suppose f*b + 78 = 14*b. What is c(b)?
14
Suppose 0*f - 760 = -5*f - 2*s, -3*s = 0. Let h(v) = -f + 146 + 2*v + 0*v. Suppose -4*q = 3*g - 26, 4*q - 10 = -2. Give h(g).
6
Suppose 0 = -4*j + 4*s + 16, -4*j + 2*s = 7*s - 43. Let z = j - 6. Suppose 0*b - b = z. Let f(q) = -5*q**2 + q. What is f(b)?
-6
Let a(q) = -q**3 - 18*q**2 - 5*q - 39. Let y = 6286 + -6304. Determine a(y).
51
Let q(u) = 31*u - 97*u**2 - u**3 - 6*u + 90*u**2 - 10*u - 5*u + 11. Calculate q(-8).
-5
Let j = 72 + 18. Let l be (j/(-25))/((-2)/(-10)). Let m be 14*(-2)/(-5) - l/45. Let t(i) = -i**3 + 7*i**2 - 9*i + 9. Calculate t(m).
-9
Let q(a) = -45*a**2 - 56*a - 41. Let x(m) = 8*m**2 + 10*m + 7. Let l(h) = -6*q(h) - 34*x(h). Give l(-3).
2
Let d = -172 + 166. Let m be 1/(d/44) - 18/27. Let y(f) = -f**3 - 9*f**2 - 10*f - 8. Give y(m).
8
Let w(d) = -d**3 - 12*d**2 - 11*d + 4. Suppose 3*m = 6, 42 = 26*b - 31*b + m. Let q be (-318)/30 - b*1/(-20). Calculate w(q).
4
Let a(b) = -8*b**2 - 8*b + 8. Suppose 0 = 218*l + 142*l - 799 - 641. What is a(l)?
-152
Let a(k) = -k**2. Suppose 3*c - r = -2*r + 11, 0 = 5*c - 4*r + 10. Suppose s + c*s = 135. Let v = s - 47. Determine a(v).
-4
Let q(f) = -3*f - 33. Let b(k) = -1. Let w(u) = 66*b(u) - 2*q(u). Suppose 0 = -16*o + 15*o + 12. Suppose -4*a - 3*z + o = z, 2*a - 2*z = 2. What is w(a)?
12
Let q(a) be the third derivative of 5*a**2 + 0*a + 1/6*a**3 + 1/8*a**4 + 1/60*a**5 + 0. Suppose -6*g - 3*v = 0, -5*v = -4*g + 7*g - 7. What is q(g)?
-1
Let s(p) be the third derivative of -5*p**4/24 - 103*p**3/6 - 2*p**2 + 496*p. Calculate s(-20).
-3
Let s(n) = -5*n**3 + 6*n**2 + 22*n + 19. Let a(c) = -4*c**3 + 6*c**2 + 20*c + 18. Let y(g) = -6*a(g) + 5*s(g). Give y(-6).
47
Let s be (887/7983)/(1/(-4 - -175)). Let p(b) be the second derivative of b**5/20 - 3*b**4/2 - 10*b**3/3 + 4*b**2 - b. Determine p(s).
-11
Let m(b) = -2*b - 5. Suppose 5*r - 120 = 2*z, 0 = 172*r - 175*r + 5*z + 91. Give m(r).
-49
Let w(u) = 4*u**2 - 9*u - 13. Let h = -5943 - -5939. Give w(h).
87
Suppose -c + 68*y - 9 = 66*y, -5*y = -4*c - 33. Let h(w) = -w**3 - 8*w**2 + 5*w + 25. Give h(c).
-59
Let p(j) = -j**2 + 44*j - 341. Let f = 9802 + -9792. What is p(f)?
-1
Let k(b) = 4*b**2 + b - 9 - 3*b**2 + 0*b. Suppose -9*u + 192 = -51. Suppose u*g - 4*a + 16 = 24*g, 2*g + 4 = a. Determine k(g).
-9
Let t(m) = 3*m**3 + 9*m**2 - 13*m - 13. Let g(k) = -2*k**3 + 2*k**2 + k - 1. Let y(f) = 2*g(f) + t(f). What is y(12)?
-3
Suppose 160*a + 114*a = 195*a - 79. Let b(h) = 3*h**2 + 4*h - 1. Let w(x) = -2*x**2 - 4*x. Let v(r) = -3*b(r) - 4*w(r). What is v(a)?
-2
Suppose 3*g - 2*f - 26 = 167, -3*f + 183 = 3*g. Let n = -59 + g. Let m(h) = h. Determine m(n).
4
Let b(o) = 3*o + 4. Let l(v) = -20*v**2 - 4*v - 4. Let q(z) = z**2. Let j(y) = l(y) + 12*q(y). Let d be j(-1). What is b(d)?
-20
Suppose -o = -4*m - 24, 3*o + 13 = -6*m + m. Let l be (7 + (-106)/10)/(o/(-10)). Let k(h) = h**2 - 9*h + 5. Give k(l).
5
Let w(g) = 14*g**2 - 218*g + 26. Let l(b) = b**2 - 15*b + 1. Let y(c) = 12*l(c) - w(c). Give y(19).
-14
Suppose -57 = -6*b + 9. Let y(g) = -8*g + g + 6*g + b + 6 - 2. Give y(8).
7
Let k be -68 + 1 + 0 + -5. Let c = -80 - k. Let f(v) = -v**2 - 6*v + 13. Let x be f(c). Let q(p) = -p**2 + 3. Determine q(x).
-6
Let a(c) be the first derivative of -3*c**2/2 + 38*c + 112. What is a(11)?
5
Let a(u) = u - 9. Let x be a(0). Let y(n) be the first derivative of n**4/4 + 3*n**3 - n**2 - 11*n - 751. What is y(x)?
7
Suppose -98*u - 3*c = -93*u + 76, -2*c = 4*u + 58. Let j(d) = 7*d + 24. Let y(m) = 10*m + 36. Let t(a) = 7*j(a) - 5*y(a). Give t(u).
-1
Suppose -3*z - 356 = -222 - 185. Let r(q) = 3*q**2 - 51*q - 6. Give r(z).
-6
Let l = -1809 + 1810. Let i be (1 - -3)/(3 + -1). Let x(k) = -l + 13*k**2 - 8*k - 12*k**i - 3. Calculate x(7).
-11
Let r(y) be the first derivative of 4*y**3/3 - 5*y**2/2 + 18*y - 5784. Give r(2).
24
Let c(x) = -1939*x - 1820. Let w(j) = -30*j - 28. Let u(z) = -4*c(z) + 259*w(z). Give u(3).
-14
Let y(w) be the second derivative of w**5/20 - 2*w**4/3 - 2*w**3 + 47*w. Let p be 1/(-4) + 444/48. What is y(p)?
-27
Let y(w) = w**2 - 7*w + 7. Let g = 122 + -81. Let i = 34 - g. Let a(l) = l + 13. Let t be a(i). Determine y(t).
1
Let s(j) = -5*j**2 - 11*j - 25. Let b(c) = -22*c**2 - 42*c - 99. Let f(k) = 2*b(k) - 9*s(k). What is f(-14)?
13
Let w(x) be the first derivative of -x**4/12 - 5*x**3/6 - 2*x**2 - 7*x + 6. Let g(r) be the second derivative of w(r). Determine g(-3).
1
Let o be -1 - -3 - ((-24)/(-8) + -5). Suppose 0 = -3*p + o*p + 4. Let q(x) = x**3 + 3*x**2 - 4*x - 4. Give q(p).
-4
Let y be (80/(-24) + 0)*5*(-6)/60. Let x(n) be the first derivative of -2*n**2 + 8*n + y*n**3 - 32 + 1/4*n**4. Calculate x(-6).
-4
Suppose -3*p - 1085 = 5*n + 1025, -2*n = 5*p + 844. Let i = n + 427. Let g(o) = 2*o**2 - 9*o - 2. Give g(i).
3
Let l(q) = 191 - 14*q + 149 - 339 + q**3 + 12*q**2. Determine l(-13).
14
Let b(c) = c**2 - 18*c + 22. Let g = -2801 - -2815. Determine b(g).
-34
Let n(b) = -43*b**2 - 16*b - 6. Let k(y) = 65*y**2 + 26*y + 9. Let v(f) = -5*k(f) - 8*n(f). Determine v(2).
75
Let a(x) = 821 - x - 609 - 224. Give a(-8).
-4
Let w(q) = -4*q**2 + 182*q + 95. Let l be w(46). Let f(p) = 4*p - 6. Determine f(l).
6
Let s(c) be the second derivative of c**5/20 - c**4/6 - c**2/2 + 84044*c. Suppose -4 = -2*q - 2*q. Suppose q = 3*t + 7. Give s(t).
-17
Let r be 3 + -2 + (2 - 1). Let d(t) = 2*t + 0 + t**3 + 1 + 5*t**2 - t**r. Let l be (-51)/34*4*(-6)/48*-4. What is d(l)?
4
Let y(u) = -38*u + 138*u - 27*u - 44*u - 45*u + 41. What is y(3)?
-7
Let s(p) be the second derivative of -p**3/6 - 3*p**2/2 - 12*p - 56. Give s(-9).
6
Suppose -s + 25 + 17 = 0. Suppose -70*v + 89*v - 114 = 0. Let h(f) = s*f**2 - 41*f**2 - 11 + v*f + 2. Calculate h(-8).
7
Let a = 20909 + -20905. Let u(n) = 2*n**2 - 8*n. What is u(a)?
0
Suppose -2*h = 4*n - 162, -5*n - 2*h - 142 = -9*n. Let i(q) = -q**2 + 42*q - 121. Determine i(n).
31
Suppose 0 = 5*a + 4*y - 88, -y - 30 = -10*a + 8*a. Let u(p) = p**2 - 13*p - 18. Det